 (2 - 0/1). Let j = x + -61. What is the remainder when j - 1*(-4 - -3) is divided by 13?
10
Let u = 65 - 62. Let a = -9 + 18. What is the remainder when a is divided by u?
0
Suppose 11 = 7*q - 6*q. Suppose 210 = 4*k + 14. Suppose 5*s = 4*i - k, 4*i + 7 = 2*s + 41. Calculate the remainder when q is divided by i.
5
Suppose x = 5*g, 0 = -x - 2*x - 4*g + 95. Calculate the remainder when 70 is divided by x.
20
Suppose 0 = 4*k - 4 - 16. Calculate the remainder when 8 is divided by k.
3
Let v be 1 + 0 - (-1 - 0). Suppose 0 = -w - 4*g + 26, -4*w + 0*g = -3*g - 9. Calculate the remainder when (-5)/(-2)*(2 + v) is divided by w.
4
Let g = -7 - -20. Calculate the remainder when 36 is divided by g.
10
Let i = 85 - 60. Calculate the remainder when i is divided by -1 - (-1 + -11 + 2).
7
Let b(c) = 1 + c + 0*c**2 + 14*c**2 - 2 + 0*c. Let p(g) = g**2. Let w be p(-1). What is the remainder when 41 is divided by b(w)?
13
Let z = 75 + 7. Calculate the remainder when z is divided by 28.
26
Let m = 6 - -28. Let o be (66/(-2))/(-1) - 1. Suppose x - 3*b - 24 = 0, -2*x + o = b + b. Calculate the remainder when m is divided by x.
16
Suppose -o = -4*z + 18, -4*o + 2*z = -0*z + 2. Calculate the remainder when 6 is divided by o.
0
Suppose v - 8 = -2*g, 8*v = 3*v + 5*g - 5. What is the remainder when 6 is divided by v?
0
Calculate the remainder when 16/(3 - 3/3) is divided by 5.
3
Let c be (-2)/5*(-12 - -7). What is the remainder when 22 is divided by c*3/9*18?
10
Suppose -5*m + y + 135 = -3*y, 5*y + 37 = 2*m. Let l be ((-9)/(-4))/(3/(-12)). Let w = l + m. What is the remainder when w is divided by 12?
10
Let l(w) = w**2 + 4*w - 1. Let h be l(-5). Suppose h - 100 = -4*b. What is the remainder when 46 is divided by b?
22
Let c = 3 - 2. Calculate the remainder when c + 42 - (1 + -2) is divided by 15.
14
Let d(b) = b + 5. What is the remainder when 32 is divided by d(12)?
15
Let p be (-202)/(-6) - 1/(-3). Suppose -m - p = -6*m - 3*j, -2*m + j + 18 = 0. Let v(g) = g**2 - 2*g. What is the remainder when v(-3) is divided by m?
7
Suppose -3*w + 132 = -186. What is the remainder when 24 is divided by 1/(-4) + w/8?
11
Let x = -30 + 28. Let w(l) = -16*l - 3. Calculate the remainder when w(x) is divided by (-4)/2*30/(-4).
14
Let f = -8 - -5. Suppose 2*t + o - 1 = -3*t, -1 = 2*t - o. Let l = t - f. What is the remainder when 4 is divided by l?
1
Let c = -8 + 26. Calculate the remainder when c is divided by 7.
4
Suppose -9 = -r + 13. What is the remainder when r is divided by 12?
10
Let v = 168 - 147. What is the remainder when 99 is divided by v?
15
Calculate the remainder when 23 is divided by (-1)/(-4 - 27/(-7)).
2
Let i = -196 + 109. Let g be -2 - (i + (-2)/1). Suppose 2*v - 92 = -4*b, 0 = -4*v - 2*b + g + 109. What is the remainder when v is divided by 13?
11
Calculate the remainder when 12/32 - 135/(-24) is divided by 3.
0
Let v = -4 - -10. What is the remainder when 27 is divided by v?
3
Suppose w + 20 = 2*w. What is the remainder when 79 is divided by w?
19
Let l = -44 - -59. Calculate the remainder when 26 is divided by l.
11
Calculate the remainder when 19 is divided by (44/(-6))/((-2)/3).
8
Suppose a - 11 = -2*o, -o + 2*o = a - 11. Suppose 1 - 11 = -2*k. Suppose -k*g = -5*c + 175, 0*c + c = -5*g + 11. Calculate the remainder when c is divided by a.
9
Suppose y = 4*g - 278, 3*y = 4 + 2. What is the remainder when 2/8 + g/8 is divided by 5?
4
Suppose d + 2 + 2 = 0. Suppose -2*m - 3*m + 95 = 0. Calculate the remainder when 6/d - 115/(-2) is divided by m.
18
Let x(b) = -b**3 + 13*b**2 + 2*b + 1. Let h be x(13). Let v = h + -11. Calculate the remainder when 61 is divided by v.
13
Suppose 5*x + 112 = -3*w, 6*x = 2*x + 2*w - 72. Let i = x - -57. What is the remainder when i is divided by 8?
5
Let p = 31 - 16. Calculate the remainder when 38 is divided by p.
8
Suppose 3*o - 122 + 461 = -x, 4*o + 2*x = -450. Let t = -80 - o. What is the remainder when t is divided by 18?
16
Let u = 60 - 49. What is the remainder when 18 is divided by u?
7
Suppose -d + 6 = -4. Let n be 76/(-12)*9/3. Let h = 48 + n. Calculate the remainder when h is divided by d.
9
Let d(x) = x + 25. What is the remainder when d(20) is divided by 12?
9
Let g = -133 - -150. What is the remainder when 133 is divided by g?
14
Suppose 63 + 9 = -4*j. Let o be 12/j - 302/(-3). Suppose -2*d + o = -s - 3*s, 0 = s + 5. What is the remainder when d is divided by 14?
12
Let t(d) = 2*d**3 + 2. Suppose 3*f + 15 = -o, -2*f + 5*f + 15 = 2*o. Let q = 5 - f. Calculate the remainder when t(2) is divided by q.
8
Suppose -3*u = -u - 38. What is the remainder when 54 is divided by u?
16
Let y = -3 - -21. What is the remainder when y is divided by (-5)/(-20) + (-39)/(-4)?
8
Suppose -27*a + 305 = -22*a. Let l = -221 - -330. Suppose 5*h - l = p, -h + 3*p = -50 + 17. Calculate the remainder when a is divided by h.
19
Let k(z) = z - 6. Let i be k(8). Suppose -2*o - 4 = 2. Calculate the remainder when (i - -19) + o + 1 is divided by 10.
9
Suppose -4*v + 0 = -4. What is the remainder when 345/10 - v/2 is divided by 9?
7
Let b = -12 + 12. Suppose -4*q + b*q + 44 = 0. Calculate the remainder when 31 is divided by q.
9
Let x(d) be the third derivative of d**4/8 - d**3/2 - d**2. Suppose -3*t = -3 - 9. Calculate the remainder when 17 is divided by x(t).
8
Suppose 0 = -5*b + 3*b + z + 6, 0 = -2*b - z + 14. What is the remainder when 19 is divided by b?
4
Let h = -4 - 4. Let z(t) = t**3 + 7*t**2 - 10*t - 8. What is the remainder when 21 is divided by z(h)?
5
Suppose n - 3*k - 26 = -2*k, 2*n - 5*k = 61. Let v = -44 + 111. What is the remainder when v is divided by n?
21
Suppose 2*u - 59 = 39. Suppose -3*t + 2*d + 33 = 0, 0*t + 4*t - u = d. Let s(j) = 12*j + 2. What is the remainder when s(3) is divided by t?
12
Let g = 34 + -54. Calculate the remainder when 29 is divided by 15/6*(-64)/g.
5
Let c = -21 + 74. Calculate the remainder when c is divided by 11.
9
Let l(q) = 2*q - 15. Let p(c) = 5*c - 45. Let s(j) = 8*l(j) - 3*p(j). Calculate the remainder when s(-11) is divided by 3.
1
Suppose 3*z - 39 = 3*q, -3*z + 9*q + 47 = 4*q. Let k(s) = s**2 - 8*s + 4. What is the remainder when k(z) is divided by -14*((-3)/2 - -1)?
6
Suppose 0 = -5*z + z + 3*d + 104, -9 = -z + 5*d. Suppose -l + 2*u + z = -3*u, -8 = -2*u. Calculate the remainder when l is divided by 17.
15
Let m(g) = g**3 + 4*g**2 - 2*g + 7. Let p be m(-5). Let f = p + 15. What is the remainder when 11 is divided by f?
4
Suppose 5*a + 44 = 7*a. Calculate the remainder when 0 + -2 + 65 + 2 is divided by a.
21
Suppose 7*y = 4*y + 327. Let a = y - 78. What is the remainder when a is divided by 17?
14
Let r be 11 - 1 - (4 - 3). Suppose s + r = 2*s. Calculate the remainder when 17 is divided by s.
8
Let h be (-6)/4*(-10)/3. Suppose 6*l - 48 = 2*l - h*q, 2*q = -3*l + 29. Calculate the remainder when 26 is divided by l.
5
Suppose -4*l + c - 2 + 5 = 0, -2*l - 4*c + 24 = 0. Suppose 0*h = 4*m - h - 58, 0 = l*h + 4. What is the remainder when m is divided by 5?
4
Suppose -2*a + 12 = 4*w, -a + 4*w + 6 = -0*a. Calculate the remainder when a is divided by 3.
0
What is the remainder when 139 is divided by (0 - -1 - -37) + -3?
34
Let f = 28 - 13. What is the remainder when 28 is divided by f?
13
Let q(b) = 10*b**2 + 1. Calculate the remainder when q(1) is divided by 7.
4
Let k(s) = -8*s. Let y = -15 + -4. Let g = -6 - y. Calculate the remainder when k(-3) is divided by g.
11
Let c = 6 + -3. Let a be -2 + (-198)/(-1*c). Suppose 0*y - 64 = -5*l - y, 4*l + 4*y = a. Calculate the remainder when 23 is divided by l.
11
Suppose 5*p + 5*o = 200, -136 = -2*p - 2*p + 4*o. Let i = -20 + p. Let j(l) = l**2 - 5*l. What is the remainder when i is divided by j(6)?
5
Suppose -3*z - 211 = -4*o, o - 3*z - 2*z = 40. Calculate the remainder when o is divided by 19.
17
Suppose -3*y = -5*y. Suppose 2*x + 3*u - 22 = y, 0 = -u + 3 + 1. What is the remainder when 7 is divided by x?
2
Suppose 2*s = 6*s - 24. Let v = s + 10. Suppose 0 = -f - 0*f + 46. Calculate the remainder when f is divided by v.
14
Let c be (-6)/8*(26 + -2). Let n be 3/c + (-422)/(-12). Suppose -2*d = n - 97. What is the remainder when d is divided by 16?
15
Let f(h) = 10 + h**2 + 7*h - 4 - 3*h. Let y be f(-5). Suppose -3*v = -y - 4. What is the remainder when v is divid